ppose 9 = 12*y - z*y. Determine l(y).
0
Suppose 2*s = -4*n - 22, 3*n - 3 = -11*s + 16*s. Let o(x) be the first derivative of 3*x**2/2 + 5*x + 1. Determine o(n).
-7
Let v(s) = -s + 22. Let w = 9859 + -9870. What is v(w)?
33
Let n(t) = 6*t + 40. Let k(s) = 4*s + 29. Let f(j) = -4*k(j) + 3*n(j). Determine f(3).
10
Let i(r) be the second derivative of r**4/12 + 3*r**3 - 2*r**2 - 18*r. Let z be i(-15). Let v = 54 + z. Let m(c) = -c + 3. What is m(v)?
-2
Let q(v) = -v - 32. Let h(r) = -3*r - 35. Let a(c) = 4*h(c) - 5*q(c). Calculate a(11).
-57
Let t(j) be the third derivative of 2*j**5/15 + j**4/3 - 2*j**3/3 + 1666*j**2. Calculate t(2).
44
Let v(u) = -74*u + 117*u - 3*u**2 - 39 + 2*u**2 - 56*u. Determine v(-7).
3
Let d(o) = -o**2 + 42571 - 42565 + 2*o**2 + 2*o**2 - 15*o. Determine d(6).
24
Let i(s) = -s**2 - 12*s - 30. Let k be i(6). Let y be 126/105 + k/15. Let r(o) = o**3 + 8*o**2 - o - 9. Determine r(y).
-1
Let q(r) = 3*r + 6. Let n(u) = u**2 - 35*u - 24. Let w(s) = n(s) + 6*q(s). What is w(8)?
-60
Let n(w) be the first derivative of 3*w**2 + 50*w - 3393. Give n(6).
86
Let o be (-4 - -5)*0/(-38). Let i(d) = d**2 + 2*d - 19. What is i(o)?
-19
Suppose -495 = -300*z + 305*z. Let n = z + 102. Let d(r) be the second derivative of r**3/3 + r**2 + 2*r. Calculate d(n).
8
Suppose 5*c - 2 = 13. Let g(j) = 4*j - 4 + 8 - j + c. Give g(-8).
-17
Let t(y) = -20*y + 752. Let a be t(37). Let r(d) = d**2 - 12*d + 3. What is r(a)?
3
Suppose 0 = -m - 3*v + 8, 2*v + 12 = 4*m + 4*v. Let x(l) = -l + 2*l + 4 - m*l. Suppose -124*b + 146*b - 198 = 0. Give x(b).
-5
Let q(a) be the second derivative of -a**5/120 + 5*a**4/12 + a**3/6 + 23*a**2/2 - 9*a - 15. Let n(s) be the second derivative of q(s). Calculate n(9).
1
Let j(z) = z - 1. Let g(i) = -i + 12. Let v be g(9). Let n(p) = 13*p**2 + 3*p**v - 9*p**2 - 3*p - 2*p - 4*p**3. Let b(u) = -5*j(u) - n(u). What is b(4)?
5
Let z(g) = 16*g - 22. Let k(d) = 28*d - 41. Let w(p) = 3*k(p) - 5*z(p). Give w(6).
11
Let u(a) = 2*a**2 - 85*a + 21 + 91*a - 3*a**2. Give u(9).
-6
Let l = 3659 - 3663. Let y(n) = -n. Give y(l).
4
Suppose -14*s - 418 = 15*s + 104. Let m(k) = k**2 + 17*k - 11. Calculate m(s).
7
Let p(h) = h**3 - 9*h**2 - 11*h - 7. Let m = -8417 - -8427. Calculate p(m).
-17
Let w(t) = 127 - 156 - 17*t**2 - 16*t**2 + t - t**3 + 67. What is w(-33)?
5
Suppose u = -0*u + 46. Let h be (5/50*(-25)/(-2))/((-2)/(-72)). Let a = h - u. Let i(z) = 20*z**3 + 2*z**2 + z. Give i(a).
-19
Let m(b) = 11*b + 67. Let d be (-92)/40*2 + 3/5. Calculate m(d).
23
Let b(c) be the second derivative of -c**4/3 + 4*c**3/3 + 6*c**2 + 1045*c. Give b(4).
-20
Let v(u) = -4 + 13*u - 11*u - 5*u. Let f be (-390)/2535 + (-160)/(-26) + 0. Calculate v(f).
-22
Suppose 2902*v = 2869*v + 330. Let x(t) = -19*t + 191. Determine x(v).
1
Let x(a) = -8*a**2 - 14 + 0*a**3 + a**3 - 8*a + 3. Let w be 24/32 + 6/(-8) + 54. Suppose 29*u - 23*u = w. Determine x(u).
-2
Let h(l) be the first derivative of l**4/12 + l**3/3 + 29*l**2/2 + 17. Let q(b) be the second derivative of h(b). Determine q(-4).
-6
Let i(v) = -v**2 + 26*v - 10. Let l be (-5 - -15)*5/2. What is i(l)?
15
Let p(u) = 17*u - 279. Let d be 1/(13/(-442)*-2). Determine p(d).
10
Let q(r) be the first derivative of -3*r**3 - 3*r + 9/2*r**2 - 1/4*r**4 + 276. Calculate q(-10).
7
Let m(c) = 3*c**2 + 32*c + 19. Let k be m(-10). Let o = k - 4. Let i(g) = -2*g**3 - 4*g**2 - g - 1. Let d(s) = s**2. Let j(p) = o*d(p) - i(p). Calculate j(-1).
-3
Suppose -17 = -8*q + 15. Suppose g + 20 - 18 = -n, q*n - 2 = -2*g. Let c(y) = -y**3 - 6*y**2 - 4*y - 7. What is c(g)?
-12
Suppose 3*w + 7 = 10. Let b(q) = -q**3 - q**2 + 2*q. Let o(i) = 9*i**3 + 3*i**2 - 4*i. Let n(d) = w*o(d) + 2*b(d). Determine n(-1).
-6
Let b be -1 + (-3)/(-2)*-2. Let t(h) be the first derivative of -h**4/4 - h**3/3 + 5*h**2/2 - 3*h - 80464. Give t(b).
25
Let d(p) = -p**3 + 6*p**2 + p - 2. Suppose l - 5*l = 3*x - 47, -l = -5*x + 40. Let z(n) = -13*n + 120. Let i be z(x). Determine d(i).
28
Suppose -3*h + 4*w - 44 = 0, 17*h - 18*h + 5*w - 33 = 0. Let g(s) = -s**2 - 21*s - 95. Give g(h).
9
Let w(n) = n**3 - 11*n**2 + 11*n - 16. Let c be (-70)/(-6) + 1000/(-600). Calculate w(c).
-6
Suppose 0 = -15*p - 1315 + 1375. Let s(x) be the second derivative of 5/12*x**p + 0 - 3*x**2 - 7/6*x**3 - 17*x + 1/20*x**5. What is s(-6)?
0
Let m(u) be the second derivative of u**5/20 - 5*u**4/12 - 3*u**2/2 - 3319*u. Give m(5).
-3
Let t(h) be the first derivative of 15*h + 1/3*h**3 - 38 + 9/2*h**2. Determine t(-9).
15
Let k(f) = 4*f + 14. Let y(q) = -q - 3. Let b(c) = 2*k(c) + 11*y(c). Let s(n) = 5*n + 52. Let w be s(16). Let g = 128 - w. Give b(g).
7
Let v(s) = -20*s - 230. Let j(h) = 20*h + 243. Let y(u) = -12*j(u) - 13*v(u). Determine y(-4).
-6
Let p be 376/14 - (-10)/(-10 - -80). Let a(x) = -5 - 2*x - p*x**3 + 28*x**3 - 5*x**2 - 3*x. Determine a(7).
58
Let g(x) = -2 - 3*x**2 - 4*x - x + 2*x**2 + 0. Suppose -196 = -2*n - 44. Let c = n + -82. What is g(c)?
-8
Suppose -2*s - 4 = -p - 22, 0 = -2*s - 2*p + 6. Suppose -y + 5 = s. Let l(b) = 5*b - 2 + 2 + 1. Calculate l(y).
-9
Let b be -17 + -9*(-136)/51. Let t(k) = -2*k**2 + k - 8. Determine t(b).
-99
Let v(p) be the third derivative of -p**6/120 - p**5/12 - 5*p**3/6 + 13*p**2. Suppose -2*n + 1340 = 3*n. Let q = n - 273. Calculate v(q).
-5
Let a(h) = -165*h**3 - 4918*h + 167*h**3 + h**2 + 1 + 4917*h. Suppose 2*d - 4*p = 22, -2*d - 3 = -0*p + p. Give a(d).
3
Let i(m) = m**2 - 8*m + 4. Let x be (1 + 12 - 2277/161)*(-7)/2. Calculate i(x).
-12
Let i(m) = -16*m + 580. Let k be i(36). Let o(z) = -6*z**2 + 12*z - 2. Give o(k).
-50
Let q = -11153 - -11145. Let v(a) = a**2 - 5*a - 17. What is v(q)?
87
Let b(o) = o + 4. Suppose -5*k + 30 = f, 3*k = k + 10. Suppose -4*t + 4*p = 0, -7*p - 6 = -f*t - 4*p. What is b(t)?
7
Let z(y) be the third derivative of y**5/60 - y**4/24 - y**3 + y**2 - 726*y. Calculate z(4).
6
Let a(v) = -v**2 - 982*v + 445*v + 532*v + 105. Give a(8).
1
Let s be ((-19)/(-38))/(((-9)/6)/3). Let x(y) be the second derivative of 5*y**4/12 - y**3/6 - 97*y - 2. Give x(s).
6
Let h(s) = 30 - 2*s**2 + 7*s**2 + 28*s + 39*s**3 - 40*s**3 - 29*s + 6*s**2. What is h(11)?
19
Let j = 118 + -115. Let t(w) = -4*w + 18. Let g be t(j). Let a(y) = -5*y + 8. What is a(g)?
-22
Let j(s) = 9*s**3 + 7*s**2 - 7*s + 5. Suppose -d - 34 = -28. Let p(h) = 2*h**3 + h**2 - h + 1. Let u(t) = d*p(t) + j(t). Determine u(-1).
4
Let v(h) = -458*h - 68. Let o(j) = 275*j + 34. Let u(g) = 5*o(g) + 3*v(g). Calculate u(14).
-20
Suppose d + 2 = -0*d. Let v(x) be the first derivative of x**3/3 + 9271. Calculate v(d).
4
Let g be (-327)/(-4)*44/33. Let l = g - 111. Let a(k) = 10*k - 2. What is a(l)?
-22
Suppose -3*s - 2*r = 0, 23*s - 4*r = 20*s - 36. Let h(d) = -2*d**2 - 3*d + 3. What is h(s)?
-17
Let s(o) = 25*o + 16. Let j(q) = -75*q - 55. Let c(z) = 2*j(z) + 7*s(z). What is c(-1)?
-23
Let u(m) = 8*m + 5. Suppose 0 = 2*x + 2*n - 8, -5*x + 18 = 132*n - 128*n. What is u(x)?
21
Let u(k) = -14*k**2 + k**3 - 923*k + 17*k**2 - 8*k**2 + 464*k + 2 + 461*k. Let a be (4/(-6))/(4/(-30)). What is u(a)?
12
Suppose 0 = 68*b - 65*b - 105. Let c(a) = -a + b - 15 - a - 18. Give c(7).
-12
Suppose -5*r = -3*i - i - 20, r = -5*i + 4. Suppose 4 = g - 2*q - i, 5*g = -5*q + 5. Let c(l) = -3*l**g + l**3 - 5 + 2*l**2 + 0*l**2. Determine c(0).
-5
Let a(i) = -4*i + 2. Let q(x) = 6*x - 3. Let h(c) = -5*a(c) - 3*q(c). Let s(b) = 19*b. Let v(o) = -6*h(o) + s(o). What is v(-4)?
-22
Let c(l) = 3*l**2 - 3*l - 3. Let f(m) = -8*m - 214. Let b be f(-29). Suppose -3*h - 22 = -4*g, 9*h = 2*g + 4*h - b. Calculate c(g).
33
Suppose 203*c + l = 206*c - 18, -c = -4*l - 17. Let g(j) be the second derivative of j**2 - 3/2*j**3 - 1/20*j**c + 5/6*j**4 + 13*j + 0. What is g(9)?
2
Let f = 4191 + -4185. Let p(q) be the third derivative of q**6/120 - q**5/12 - q**4/8 - 13*q**3/6 + 2*q**2. Give p(f).
5
Suppose 0*a = -4*a - 20. Let m(x) be the third derivative of -x**4/8 - 4*x**3/3 - 3*x**2 - 11*x + 16. Determine m(a).
7
Let t be (6/9)/((-4)/(-42)). Suppose 3*v + i - 26 = -3*i, 2*i - 18 = -2*v. Let j(l) = l**2 + 8*l + 8*l**2 - 10*l**2 - v + 3. What is j(t)?
0
Let s(t) be the second derivative of -t**6/360 - t**5/40 + t**4/2 - 7*t**3/6 - 2*t - 6. Let n(k) be the second derivative of s(k). Determine n(-5).
2
Let d(m) = m**3 + 6*m**